= d*g(l) + t(l). Is y(-2) a prime number?
False
Let d = 0 - -8. Suppose -4*w + 0*w = -d. Suppose 480 = w*c + 124. Is c prime?
False
Let g(u) = 4*u + 57. Let j be g(-18). Let o(l) = l**3 + 20*l**2 + 5*l + 49. Is o(j) a prime number?
False
Let w(b) = 41*b**2 - 25*b - 35. Is w(-6) a composite number?
True
Suppose -10 = -t - 4*t. Let b be (3 - (t + 1))/(-2). Suppose 2*n = 4*c - 2*c - 300, 3*c + 3*n - 444 = b. Is c composite?
False
Let n = -95 + 58. Is (n/(-2))/(5/70) composite?
True
Let o = -54 + 55. Is o + (-1 - 3) - -524 composite?
False
Suppose -1 = -5*l + 4. Let t be 4 + -4 + l*1276. Suppose 4*z = 8*z - t. Is z a composite number?
True
Suppose 0 = -4*u - 4*q - 60, -q + 3*q - 8 = 0. Let y be 2 + -2 - u - 2. Is 46/1*y/2 prime?
False
Let t(b) = -3*b + 23. Let c be t(7). Suppose -c*z + 12 = 2. Suppose -6 + 1 = -5*a, -5*a + 2770 = z*d. Is d a composite number?
True
Let f(d) = 170*d - 7. Suppose 2 = -2*c + 10. Is f(c) prime?
True
Let x(i) = -i**3 + 7*i**2 - 2*i - 10. Let f be x(-8). Suppose -2*u + 4 = -3*u, -2*s + f = -u. Is s a composite number?
True
Let x(b) = 6*b + 31. Let o = -27 + 41. Is x(o) a prime number?
False
Let n(o) = 6*o + 2. Let g be n(5). Let c = g + 45. Is c + 4 + -3 + 1 a composite number?
False
Let s(h) = -9*h**3 - 4*h**2 + 5*h - 2. Let x be s(-4). Is (-1 - x/15)/((-2)/12) prime?
False
Let s = 31 + -3. Let a = 33 - s. Suppose -58 = -a*h + 297. Is h composite?
False
Suppose 0 = -2*h - 0*c - 4*c + 5442, -h + 2716 = -3*c. Is h a composite number?
False
Let z = 1097 + -2192. Let a = 1818 + z. Is a prime?
False
Let i = 1128 + -208. Suppose 0 = -3*s + i + 6313. Is s composite?
False
Let b(t) = 464*t - 179. Let o(f) = -154*f + 60. Let y(j) = -3*b(j) - 8*o(j). Is y(-16) a composite number?
False
Suppose -4419 = 33*m - 19962. Is m a composite number?
True
Is 187792/20 - 7/(-5) composite?
False
Suppose -8*y + 4*y = 5*c - 159765, 3*c - 95861 = -2*y. Is c composite?
False
Suppose -19*w + w + 2695662 = 0. Is w prime?
True
Let k(h) = 3*h**3 - 9*h**2 + 10*h - 5. Let j = -37 - -72. Suppose 0 = -4*a - a + j. Is k(a) prime?
True
Suppose -t = -5*t - 3*f + 748, -4*f + 364 = 2*t. Is 9/(-18) + t/4 a composite number?
False
Is 139778/34 + 58/(-493) composite?
False
Let d(b) = b**2 + 3*b - 2. Let x be d(-4). Suppose -l - x*l = -15, 20 = 4*u + 4*l. Suppose u = o - 12 - 73. Is o a prime number?
False
Let d(f) = -7*f**3 - 12*f**2 + 8*f + 4. Let q be d(-9). Let u = q - 1668. Is u a prime number?
False
Suppose 0 = -62*c + 52*c + 158530. Is c a prime number?
False
Let j(q) = q + 3. Let p be j(5). Suppose r - 4*d = p, d = r - d - 12. Suppose 2*a - r - 102 = 0. Is a composite?
False
Suppose 0 = 37*i - 13*i - 119640. Is i a prime number?
False
Let q(a) = 577*a**2 + 2*a - 21. Let v be q(-7). Suppose 20*t = 18*t + v. Is t prime?
False
Suppose z = 6*z - 10. Suppose 4*m - z + 4 = a, -5*m + 6 = 3*a. Suppose c - a - 291 = 0. Is c a prime number?
True
Let j be ((-12)/(-8))/(1/2). Suppose j*k - 81 - 84 = 0. Is k + 4 + 0 + -1 a composite number?
True
Let a(r) = -22*r**3 + 5*r**2 - 2*r - 7. Is a(-5) a prime number?
False
Let q(l) = -443*l - 441. Is q(-6) prime?
False
Suppose 0 = 2*m + 3*l - 60391, -5*m - 5*l + 2926 = -148064. Is m composite?
False
Let l(u) = -8*u**2 + 3*u - 9. Let h be l(4). Let s be (9 - 8)/((-1)/h). Suppose 3*x - s - 214 = 0. Is x composite?
False
Suppose 2*p + 7*p - 513 = 0. Suppose -2*i + 225 + p = 0. Is i a composite number?
True
Is (-2)/(-8) + (1607613/(-28))/(-1) composite?
True
Let f(y) = -y**2 + y - 8. Suppose -3*q = -4*p - 6, -8 = -4*p + 2*q - 6*q. Let z be f(p). Is z/(-28) + (-6982)/(-14) prime?
True
Suppose 1414 = -11*g + 7541. Is g a prime number?
True
Suppose 3*q = 2*q + 10. Suppose q*b - 5*b = 1655. Is b a prime number?
True
Let b(s) = -s**2 - 55*s - 3. Is b(-45) a composite number?
True
Let i(a) = a**2 + 7*a + 10. Let h be i(-6). Suppose -r - y = -1, 0 = -h*y + 6*y. Is (-496)/48*(r + -4) a composite number?
False
Let o(u) = -25 + 0*u**2 + 30 + 101*u**3 - u**2. Is o(2) composite?
False
Let v(n) be the second derivative of n**3/2 - 13*n**2/2 + 7*n. Let m be v(6). Suppose m*i - 69 = 96. Is i a prime number?
False
Suppose 0 = 2*l + 10, 5*h - 2*l = 2*l + 54355. Is h a composite number?
False
Suppose -3*b + 9606 = -5*a + 1643, -4*a - 7961 = -3*b. Let j = b - 1464. Is j composite?
False
Suppose -9*u + 5930 + 28 = 0. Let f = u - 265. Is f a prime number?
True
Let f(b) = -b**2 - 3*b - 2. Let l be f(-1). Suppose 0 = -3*c + 2*v + 659, -2*c - 3*v + 235 + 226 = l. Is c a composite number?
False
Suppose 0 = 11*k - 8*k - 291. Suppose -8 = i + 5*t, -4*i - 4 = -3*i + 3*t. Suppose 0 = 2*d - i, 2*d = 2*m + 7*d - k. Is m prime?
False
Suppose -4*d + 3*y = d - 210, 2*d + 5*y - 53 = 0. Let k = d - 39. Suppose k = 3*l - 287 - 1084. Is l composite?
False
Suppose -4*p = -16, 3*x - 3*p + 2 = -1. Suppose s + 2*s = v + 1291, -x*s + 2*v + 1289 = 0. Is s/((-3)/(-4 + 1)) a prime number?
True
Let y(r) = -11*r - 3. Let q(f) = f**2 - 7*f + 8. Let j be q(7). Let g be 16/(-24) + j/(-6). Is y(g) composite?
False
Suppose 5*v = 4*v + c + 2277, 0 = 4*v + 2*c - 9078. Let i = 3851 - v. Is i a prime number?
True
Suppose 3*j + t - 19 = 0, 4*j - t - 5 = 18. Is (-1774)/(j/((-12)/4)) a composite number?
False
Let r be (0 - 1)*(-24)/8. Suppose 8*z = -r*z + 1639. Is z a composite number?
False
Is 8/(-10) - 17563/(-35) composite?
True
Suppose 126935 = 3*r - 4*i, 0 = 6*i - 4*i + 10. Is r composite?
True
Let t = 99 - 103. Let g be (-42)/(-4)*(16 - 10). Is (g/(-6) + t)*-4 composite?
True
Is (1247681/92 + 16)*(0 - -4) composite?
False
Let f be (-2)/9 - 54114/(-27) - -1. Is ((-2)/5)/(0 - 1/f) a composite number?
True
Suppose 65 = 10*c - 5*c. Suppose 0 = y - 11 + c. Is 2808/6 - (y - -1) prime?
False
Is -4306*(-10)/8 + 531/(-354) composite?
False
Suppose 0*t = -3*t - 3*i - 9, -6 = -5*t + 2*i. Let r(h) = 5*h + h**3 - 13 - 2*h**2 - h**2 + t - 9*h**2. Is r(13) composite?
True
Let f = -819 + 559. Let g = f - -373. Is g a composite number?
False
Let r = 8 + -6. Suppose r*t = 4*t - 24. Is t/30 + (-53)/(-5) composite?
False
Suppose 5*d - 149581 = -z, 5*d - 30536 - 119061 = 3*z. Is d composite?
False
Let d(x) = -x**3 + 6*x**2 - x + 9. Let c be d(6). Suppose -c*w + 4*w = 11599. Is w prime?
False
Suppose 8*h = 12*h - 40. Is (4/(-6))/(h/(-6585)) a composite number?
False
Suppose 4*j = -0*j + 8, 0 = 2*c - 3*j + 1998. Let f(b) = -b + 17. Let x be f(23). Is c/3*3/x a prime number?
False
Let a = -12 - -17. Suppose -4*m = a*l, 5*m + 0*l = l. Suppose 0 = -k - m + 3. Is k composite?
False
Let o = 89 + 69. Suppose -r + 0*r = -o. Is r a prime number?
False
Let v = -10 + -2. Let y = v - -5. Let o(g) = -g**2 - 11*g - 6. Is o(y) prime?
False
Let p = 909 + 514. Is p a prime number?
True
Suppose 0*k + 7982 = 13*k. Is k composite?
True
Let y(u) = u**3 - 7*u**2 + 8*u - 4. Let d be y(6). Suppose -d*a - 965 + 11485 = 0. Is a a prime number?
False
Let u(x) = 113*x - 5. Is u(24) composite?
False
Suppose 14*g + 4594 = -23434. Let t = -851 - g. Is t composite?
False
Suppose 9*v - 8*v = a - 1532, 2*a - v - 3069 = 0. Is a a prime number?
False
Is 7 + (-13 - (-12 - 90463)) composite?
False
Let n(r) = 105*r + 2. Let w be n(2). Suppose c + 0*f - w = f, 4*c = f + 845. Is c prime?
True
Let p(g) = 73*g**2 - 18*g - 8. Is p(-5) a prime number?
True
Let y(d) = d**2 + 3*d - 9. Let a be y(-16). Let t = 356 - a. Is t a prime number?
True
Let c(i) = 16*i + 35. Let z be c(11). Suppose f - z = 106. Is f prime?
True
Suppose 2*r + 732 = -526. Let z = 20 - r. Is z prime?
False
Let f = -21 + 25. Suppose f*w - 1512 = -4*z, -5*w - 384 = 3*z - 4*z. Is z prime?
True
Suppose 5 - 19 = -7*s. Suppose s*m + 3*h - 1091 = 0, -2*m - 2*h + 2700 = 3*m. Is m prime?
False
Let u = -10 + 9. Let s be u + 5 + -3 + 659. Suppose 134 = -2*p + s. Is p composite?
False
Let r = -652 + 23751. Is r composite?
False
Suppose 5*b - 3*h = 32815, 3*h = b - 4632 - 1943. Suppose b = 2*p - 0*p. Suppose -3*j - 3 = 0, -5*a + p = -4*j - j. Is a a prime number?
False
Suppose 4*h + y - 29 = 0, -h + 0*y + 1 = -y. Suppose -h*f + 660 = -2*f. Suppose 6*l - f = 3*l. Is l prime?
False
Is 10/(-55) - 138678/(-66)*1 composite?
True
Suppose 0 = 31*x - 34*x + 21363. Is x composite?
False
Is 2024/66*8622/24 a prime number?
False
Suppose -2*c + 2*h = c - 131213, 3*h = -3*c + 131193. Is c prime?
Fals